-6. Let p(l) = l**2 - 3. Is p(a) a composite number?
False
Let y(d) = 260*d + 23. Is y(7) prime?
False
Let c be (15/2)/(2/4). Suppose -2*j + o + 365 = 3*j, -3*o = c. Suppose 0 = -5*x - 4*m + 575, -4*m + j = 4*x - 388. Is x a prime number?
False
Let f(a) = a - 1. Let n(s) = 9*s - 10. Let m(i) = -6*f(i) + n(i). Is m(6) a prime number?
False
Let t(o) = o**3 + o**2 + 4. Let s be t(0). Suppose s*m + 463 = 5*d, 3*d = -2*m + 425 - 156. Is d a composite number?
True
Let g(h) = 97*h**2. Let t be g(-1). Let p(z) = z**3 + 8*z**2 + 8*z + 7. Let f be p(-5). Let j = t - f. Is j composite?
True
Suppose -2*k + 674 = -0*k. Is k a prime number?
True
Suppose -2*a - 4 = -4*a. Suppose a*q = 3*k + 29, -k = -q - 2*k + 2. Is q a prime number?
True
Let v be 235/3 - (-1)/(-3). Suppose -5*y - 656 = -4*t, -t - 4*y + 523 = 2*t. Let b = t - v. Is b prime?
False
Let g(f) = -8*f + 13. Let n(h) = -3*h + 3. Let z be n(6). Is g(z) composite?
True
Suppose 3*j = -j + 8. Suppose -4*r = 3*y + 57, 51 = j*r - 4*r + 3*y. Let t = -9 - r. Is t prime?
False
Let t(c) = 6*c**2 - 8*c + 8. Let j(s) = s**2. Let m(h) = -5*j(h) + t(h). Let n be m(6). Let f(a) = a**2 - 5*a - 5. Is f(n) a prime number?
True
Let r(i) = -564*i + 1. Is r(-1) composite?
True
Let j(n) = 10*n + 9. Is j(10) prime?
True
Let v(t) = -t**2 - 15*t + 17. Let p(d) = d**2 + 15*d - 17. Let g(m) = 6*p(m) + 7*v(m). Is g(-12) a prime number?
True
Suppose l = -7*l + 3544. Is l a composite number?
False
Is 1/((-2)/(-8)) + (-26586)/(-18) a composite number?
False
Let c = 7 - 5. Let j be 3 + c*(-606)/2. Is (5/3)/((-3)/j) a composite number?
True
Is (-1 - 358)*(-19)/19 composite?
False
Suppose 623 + 4532 = r. Is r composite?
True
Suppose 1374 = -x - 2*x. Is x/(-10) + (-8)/(-40) prime?
False
Let q(o) = 26*o**2 - 7*o + 9. Is q(4) prime?
True
Let x(i) be the third derivative of i**4/24 + 2*i**3/3 + 2*i**2. Let d be x(-2). Suppose d*c - 88 = -4*k - k, k - 145 = -3*c. Is c a composite number?
True
Let u(y) = y**2 - 3*y - 5. Let k = -8 - -2. Is u(k) composite?
True
Let u(v) = v**2 - 12*v - 6. Let m be u(9). Let c = m - -104. Is c a prime number?
True
Suppose d = -2*d + 6. Let c be 4 + (-3)/(6/4). Suppose -169 = -d*y + y - 4*a, c*a = 5*y - 801. Is y a prime number?
False
Is 287 - (-9)/((-45)/(-10)) a prime number?
False
Let f(s) = -6*s**3 + 2*s**2 + 2*s + 3. Let k(g) = 2*g**2 + 3*g. Let t be k(-2). Suppose 5 = -2*v + p, -4*p = -2 - t. Is f(v) composite?
True
Suppose 11*n = 8*n + 153. Is n prime?
False
Suppose -4*t + 328 = d + 3*d, -15 = -5*t. Is d prime?
True
Let i(w) = 2*w**2 - 2*w + 5. Let m be i(5). Let y = m + -26. Is y composite?
False
Let y(v) = v**3 - 6*v**2 + 3*v + 7. Let d(s) = s**2 + 3*s - 5. Let p be d(-5). Let c be y(p). Is ((-1)/c)/((-1)/(-153)) a composite number?
True
Let c(n) = -n**3 + n**2 + 6*n + 7. Let m be c(-6). Let d = m + -132. Is d a composite number?
True
Suppose m - 5 = -0. Suppose -2*r - m*l = 3*r - 170, 0 = r - 3*l - 46. Is r a prime number?
True
Let k be (-1)/(-2) + (-1)/(-2). Let l = 116 - k. Is l a prime number?
False
Suppose -2*h - h + 4 = -4*l, -5*h = 4*l + 4. Let d be (0 - l) + -2 - -61. Suppose 3*r = -r + d. Is r a prime number?
False
Is (3 + 119 + -3)*1 prime?
False
Let b(w) = -234*w**2 - 2*w. Let n be b(3). Is n/(-10) + (-5)/25 a prime number?
True
Let o = 65 - -5. Let b(g) = -g**2 - 11*g - 8. Let z be b(-10). Suppose o = 4*k - z*k. Is k a composite number?
True
Suppose 0*p - p + 3*s + 503 = 0, -2*s = 4. Is p composite?
True
Let t = 627 + -437. Suppose 3*p - t = 3*a - 7, -a = -2*p + 60. Let r = a + 175. Is r a composite number?
False
Let d = 2 + -2. Suppose -5*n - c + 10 = -300, d = 2*c. Is n a composite number?
True
Let o(f) = 33*f - 7. Is o(5) a prime number?
False
Let r be 48 - (0 + 2) - 1. Suppose 0*h + 3*h = r. Let z = -6 + h. Is z a composite number?
True
Let m(v) = 42*v + 2. Suppose 6*z - 20 = z + 2*d, 5*z + 4*d = 50. Let y be m(z). Suppose 0 = -j - j + y. Is j a prime number?
True
Suppose -2*o + 5*g = -6*o + 139, 4*o - 5*g = 109. Is (7*o)/(7 - 6) a composite number?
True
Suppose -421 = 2*s - 4*r - 1263, 0 = 5*s + r - 2094. Is s prime?
True
Let h(s) be the third derivative of -2*s**3 - 1/60*s**5 + 0*s - 2*s**2 + 0 - 1/2*s**4. Is h(-9) a composite number?
True
Is (69/(-6))/((-6)/12) prime?
True
Suppose 0 = -3*b + 2*h + 1037, 5*b + 5*h - 2244 + 499 = 0. Is b a composite number?
False
Suppose 2*s = s - 1. Let i = s + 3. Suppose 0*v + i*v = 66. Is v a composite number?
True
Suppose -42 - 112 = -2*o. Is o composite?
True
Let b(z) = -98*z + 22. Let u be b(-16). Suppose 2*a + u = 8*a. Is a composite?
True
Let s be ((-6)/4 + 1)*0. Suppose s = 5*v + j + 3, 4*v - 17 + 2 = 5*j. Is (2 + v)*(-65)/(-2) a prime number?
False
Suppose 1006 = 4*s - 2*z - 4152, 3870 = 3*s - z. Is s prime?
True
Suppose 0 = 3*u - 2*u. Let w = 375 - 129. Suppose u = 3*c - 243 - w. Is c prime?
True
Suppose -b + z = -221, 562 = 5*b + 2*z - 578. Is b a composite number?
True
Suppose t - 3 + 5 = 0. Is 1/(-1)*130/t composite?
True
Is (-4)/10 + 1594/10 composite?
True
Suppose 9 = -0*d + 3*d. Is 1*d + (12 - 2) a composite number?
False
Suppose 0 = -3*a + 4*b - 9*b + 9, 2*a - b - 6 = 0. Suppose -483 = -a*g - 0*g. Is g composite?
True
Let h(z) = z**3 + 13*z**2 + 10*z - 21. Is h(-11) composite?
True
Suppose 4*a + 13 = -3*m, 21 = -2*m + 5*a - 26. Let y = 15 + m. Is ((-293)/y)/(1/(-4)) a prime number?
True
Let c(n) be the second derivative of -26*n**3/3 + n**2/2 + 15*n. Let r(k) = k - 7. Let v be r(6). Is c(v) a prime number?
True
Let w(d) = -107*d - 1. Is w(-4) a prime number?
False
Suppose -5*x = -4*z + 686, 0 = -6*x + x - 10. Is z prime?
False
Let u(j) = -j**2 - 1. Let f(r) = 12*r**3 + 4*r**2 + 9*r**3 - 6*r**3 + 7. Let w(t) = -f(t) - 6*u(t). Is w(-2) prime?
True
Suppose -f = 2*f - 6. Suppose 6*q - 1324 = f*q. Is q composite?
False
Is 1*(-657)/(-6) + 2/(-4) prime?
True
Let c(z) = -3*z**3 - 7*z**2 - 6*z + 11. Is c(-9) a prime number?
False
Let x = 13 + -14. Is x/((-2 + 1)/145) prime?
False
Suppose 5*m - 4*a = 4*m + 135, -3*m + 2*a = -385. Is m prime?
True
Let l(u) = 215*u**2 + 6*u + 6. Is l(-5) a prime number?
True
Let c(w) = -5*w + 2. Let m be c(2). Let y(k) = -25*k - 2. Let s(q) = -13*q - 1. Let f(g) = -11*s(g) + 6*y(g). Is f(m) prime?
False
Let g = 234 + -106. Suppose -5*o - g = -h, -43 = 2*o + 3*h + 15. Let w = o - -49. Is w composite?
False
Let c(y) = y**3 + 11*y**2 - 7*y - 9. Is c(8) prime?
True
Let t(s) = -s**2 - 9*s - 2. Let r be t(-6). Let k = 69 - 43. Let n = k - r. Is n a prime number?
False
Is -5 + -4 + (-2 - -2664) a composite number?
True
Suppose -v + 83 + 122 = 0. Is v a prime number?
False
Let k = -3 - -3. Suppose k = 3*u + 26 - 131. Is u prime?
False
Suppose -2*v + 2623 - 341 = 4*y, 15 = -3*v. Is y a composite number?
True
Suppose -2*j - j = -1113. Is j a composite number?
True
Is (-3)/(3*2/(-158)) a prime number?
True
Let m be (-1)/1 - -3 - 2. Suppose m = -a + 4*a. Suppose a = 2*q - 3*q + 7. Is q a prime number?
True
Let o(l) = -2*l**2 + 3*l + 1. Let f be o(3). Let y(q) = -2*q + 3. Is y(f) composite?
False
Suppose 0 = -5*x - 3*c + 1142, 2*x = 6*x + c - 908. Is x a composite number?
True
Let u = 283 - 406. Let x = -4 - u. Is x a composite number?
True
Let m(u) = u**2 - 3. Let h be m(8). Suppose -r = -2*q - h - 42, -2*q = 3*r - 333. Is r composite?
False
Suppose 2*l - l + 37 = 0. Let b = l - -96. Is b prime?
True
Suppose -t = 2 + 7. Let u be (-2)/(-9) - 610/t. Is u/3 - (-6)/18 a prime number?
True
Let n = -84 - -369. Is (-1)/(-2)*(n - -1) composite?
True
Let u = 3 - -2. Let n(h) = h**3 - h**2 - h - 1. Let b(x) = -6*x**3 + 4*x**2 + 9*x + 5. Let r(z) = u*n(z) + b(z). Is r(-3) a composite number?
True
Let k be (4/(-6))/((-1)/6). Is k/10 + 393/5 prime?
True
Suppose 1039 = 6*g - 5*g. Is g composite?
False
Is (-2133)/(-4) - (-5)/(-20) composite?
True
Is 22/4 + (-2)/(-4) a prime number?
False
Suppose 2 = -u, 4*d - 806 = -u - 4*u. Suppose -9*x + 3*x = -d. Is x a prime number?
False
Let b(q) = -q**2 + q. Let x be b(1). Suppose -3*c = -x*c + 63. Let u = c + 44. Is u prime?
True
Suppose -3*f + 8 = 6*l - 2*l, 2*f = 0. Suppose -4*o + 136 = 5*w, -3*o + w + 102 = -l*w. Is o prime?
False
Suppose 20 = 5*r, -2*r - 127 + 4 = q. Let g = 280 + q. Is g composite?
False
Let k = -165 + 314. Is k a prime number?
True
Suppose -49 = -x - 3*c - 18, 4*x = -